 the remainder when y is divided by 22?
18
Let w(v) = -v**2 - 15*v - 47. Let f be w(-10). Suppose 18 = x - 2*l + f, 2*x = -4*l + 6. What is the remainder when 43 is divided by x?
7
Suppose 2*s + 67 = 57. What is the remainder when (((-670)/8)/s)/((-1)/(-4)) is divided by 37?
30
Suppose 46 = 2*a + 4*l, -l = -3*a - 0*a + 34. What is the remainder when 1039 is divided by a?
12
Calculate the remainder when 151 is divided by (162/270)/(3/255).
49
Let r(k) = -54*k - 1. Suppose 4*o + 30 = 3*i, -7*i = -3*i + 4*o - 12. Suppose 9*p + i = 249. Calculate the remainder when r(-1) is divided by p.
26
Let m be (-7*1/(-4))/(101/1616). Calculate the remainder when 22 is divided by (-16)/m - (-60)/7.
6
Suppose -1401 = 5*p - 1501. Calculate the remainder when 719 is divided by p.
19
Let d(v) = v**3 + 36*v**2 + 77*v - 143. What is the remainder when 583 is divided by d(-33)?
0
Suppose 3*x - 4*x - 5*h + 118 = 0, -2*x = -2*h - 164. What is the remainder when 377 is divided by x?
25
Suppose 793 = 28*h + 33*h. Calculate the remainder when 205 is divided by h.
10
Suppose 1080*c - 1183*c + 10300 = 0. Calculate the remainder when c is divided by 49.
2
Let l(x) = -3*x**2 + 38*x - 31. Let a be l(7). Suppose -4*d = -212 - 16. Let m = a - d. What is the remainder when m is divided by 8?
7
Suppose 1843 = -5*m + 3*t, -t = 7*m - 2*m + 1839. Let c = 493 + m. Calculate the remainder when c is divided by 23.
10
Suppose 8*x = 3*x - t + 4528, x = 3*t + 912. Suppose 3*a + 255 - x = 0. Calculate the remainder when a is divided by 10.
7
Let d(o) = 91*o - 348. Calculate the remainder when 2894 is divided by d(4).
14
Suppose 2*q + 2*q = 140. Let r = 123 - -17. Suppose -58 = -2*n + r. Calculate the remainder when n is divided by q.
29
Suppose m + 2*z - 131 = 0, -2*m + 17*z = 26*z - 302. What is the remainder when m is divided by 62?
53
Suppose 102 - 170 = -34*g. Suppose 0*z = -2*z - i - 8, z + 4 = -4*i. What is the remainder when 84 is divided by (88/z)/(1 - g)?
18
Let c(h) = -9*h**3 + h**2 - h - 1. Let k be c(-1). What is the remainder when 244 is divided by (-82)/(-4)*(k - 8)?
39
Suppose -190 + 1138 = 4*n. Let y = n + -136. Calculate the remainder when y is divided by 26.
23
Suppose -5135 - 9417 = -8*k. Calculate the remainder when k is divided by 166.
159
Let v(x) = 2*x**2 - 2*x - 13. Let w be v(5). Suppose -1062 = -w*z + 9*z. What is the remainder when 293 is divided by z?
57
Calculate the remainder when -1*(-1136 - (0 + 18)) is divided by 27.
20
Suppose 0 = -2*b - y + 155, -3*b = -0*y - 5*y - 252. What is the remainder when 1499 is divided by b?
77
Let x = -301 - -252. Let l = x + 94. Calculate the remainder when 222 is divided by l.
42
Suppose -3*a - 573 = -3*u, 4*u = -5*a + 500 + 201. Suppose 0*k - 88 = -k. What is the remainder when u is divided by k?
8
Let c(x) = -4*x**2 + 55*x - 74. What is the remainder when 288 is divided by c(12)?
8
Suppose -4*g + 60 = 2*j, -j + 11*g - 9*g = -14. Let h(r) = -r - 2. Let m be h(-5). Suppose -15 = -m*d + 21. Calculate the remainder when j is divided by d.
10
Let t(m) = m**3 + 6*m**2 + 2*m - 2. Suppose 10 = -3*q + 4. What is the remainder when 19 is divided by t(q)?
9
Let l be (-6)/(-9) - 645/9. What is the remainder when ((-2)/(2/l))/(33 + -32) is divided by 5?
1
Let n = -3861 + 4075. What is the remainder when n is divided by 48?
22
Suppose 18*g - 30*g + 101 = -7. What is the remainder when 163 is divided by g?
1
Let q be ((-1)/2)/(2/(-36)). Let m be -9 + (-9)/21*-28. What is the remainder when 23 is divided by (q + 0)/m*3?
5
Let k = 247 - 154. Suppose 779*d - 2112*d = -7717 - 281. What is the remainder when k is divided by d?
3
Suppose 2*m + 5*k + 15 - 4 = 0, 2*k - 2 = -4*m. Suppose 8*g - 370 - 294 = 0. Suppose g = m*y - 15. What is the remainder when 143 is divided by y?
45
Let x be ((3 - 7) + -2)/(-1). Suppose -x*u = -4*u - 208. Suppose -d = -5*d + u. What is the remainder when 43 is divided by d?
17
What is the remainder when 365 is divided by 1 - (-632)/6 - 59/177?
47
Let t(w) = w**2 + w - 5. Let d = -316 + 320. Suppose 2*l - 6*l = -468. What is the remainder when l is divided by t(d)?
12
Suppose 0 = 49*b - 151937 + 8269. Calculate the remainder when b is divided by 486.
16
Suppose 42 = 654*i - 648*i. Suppose i*y + 11 = 81. What is the remainder when 21 is divided by y?
1
Let m(h) = -1838*h - 11620. Calculate the remainder when m(-7) is divided by 180.
166
Suppose 16 + 49 = 5*s. What is the remainder when 33 is divided by (-16)/4 - (2 - s)?
5
Let z(v) = -v**2 + 7*v - 10. Suppose 2*t + 0 - 2 = 0, 16 = 3*s - 2*t. Let f be z(s). What is the remainder when 83 + (3 - (-16)/f) is divided by 43?
39
Let z = -137 - -228. Suppose 3*r + 2 = 2*d - 0, -2*r = -d + 1. What is the remainder when z is divided by ((-9)/9)/(d/(-23))?
22
Suppose 2*h = 4*i - 46, -3*i + 247 = 4*h + 185. Calculate the remainder when 136 is divided by i.
10
Let c = 357 + -164. Let t = -80984 - -81034. Calculate the remainder when c is divided by t.
43
Suppose 4*s - 41 = -1. Let h be 6/3 - (s - 2)*-2. Suppose 22*n = h*n + 100. Calculate the remainder when 48 is divided by n.
23
Let k = -1519 - -1571. What is the remainder when 161 is divided by k?
5
Suppose 4*z = 69 - 29. Let k be 35/(-56)*(-28)/z*4. What is the remainder when (10 + k)*(1 - 0) is divided by 9?
8
Calculate the remainder when (-5)/3*22914/(-285) is divided by 110.
24
Suppose -3*m = -r - 599, -5*r = -m + 674 + 2377. Let d = 1072 + r. What is the remainder when d is divided by 15?
11
Let y = 304 - 296. Suppose -2*b = l - 0*b - 8, 0 = 2*l + 3*b - 13. Calculate the remainder when y/((-16)/(-22)) + -7 is divided by l.
0
Let l(q) = 28*q - 212. Let d be l(20). Let u = d - 309. What is the remainder when 117 is divided by u?
0
Let t = -97 - -31. Let l = 102 - t. Suppose 3*p = 7*p - l. Calculate the remainder when p is divided by 12.
6
Suppose -478 = 9*f - 802. Let j(v) = -v + 9. Let q be j(7). Suppose 0 = -q*p + 3*p - 10. Calculate the remainder when f is divided by p.
6
Suppose -3685 = -65*p - 2*p. What is the remainder when p is divided by 7?
6
What is the remainder when 120 is divided by 3*9*1206/486?
53
Let d = 2493 - 2172. Calculate the remainder when d is divided by 30.
21
Suppose -4*t - 20 = -4, -538 = -3*m + t. Calculate the remainder when m is divided by (0 - 4/2)/(480/(-11280)).
37
Let v be 1/9 + 24050/225. Suppose 0 = 5*j - 403 - v. Calculate the remainder when j is divided by 12.
6
Let r(y) = y**3 + 5*y**2 + 7*y - 7. Let c be r(-6). Let t = 98 + c. Calculate the remainder when t is divided by 4.
1
Suppose -6*s + 52*s = -21*s + 335. Suppose 3*m - 4*t = -14, 5*m + 2*t - 6*t + 18 = 0. What is the remainder when 0 - (m + 0) - -16 is divided by s?
3
Suppose -47*v - 50*v + 11872 = 15*v. Calculate the remainder when 581 is divided by v.
51
Suppose -154 - 446 + 140 = -23*l. Suppose 0 = -2*w + 3*w - 177. What is the remainder when w is divided by l?
17
Suppose t = 4*k - 3773, k + 3*t = 4*t + 947. Suppose -10*a + 298 = -k. What is the remainder when a is divided by 52?
20
Suppose -4*a - 97 = -2*x + 5, -x - 2*a = -39. Suppose 5*t - 35 = x. Calculate the remainder when 152 is divided by t.
8
Suppose 0*f - 6 = k + 5*f, -2*f = -3*k - 86. Let z = k + 34. Let a(i) = -3*i + 31. What is the remainder when 47 is divided by a(z)?
5
Let i(y) = 34*y**2 - 61*y - 551. Calculate the remainder when i(-8) is divided by 46.
43
Let j(l) = 5*l - 7. Let r(f) = -205*f + 1644. Calculate the remainder when j(6) is divided by r(8).
3
Let s(r) = -r**3 + 10*r**2 - 18*r + 7. Let c be s(10). Let f = -103 - c. Calculate the remainder when 417 is divided by f.
67
Let x(c) = -4*c**3 + 5 - 5*c + 3*c**2 + 5*c**3 - 4*c. Let l be x(-5). Suppose -2*v - 3*v + 75 = l. What is the remainder when 88 is divided by v?
13
Let o = -3 + 6. Suppose -16*z = 11*z - 108. Suppose h = 6*h + 10, z*s - 134 = o*h. What is the remainder when 93 is divided by s?
29
Let h = -23365 - -24843. Calculate the remainder when h is divided by 187.
169
Let g(s) = 25*s**2 + 10*s - 10. Let h(x) = x**2 - x - 19. Let i be h(5). What is the remainder when 449 is divided by g(i)?
24
Let h(m) = m**3 - 52*m**2 - 1230*m - 53. What is the remainder when h(-17) is divided by 196?
132
What is the remainder when 11177 is divided by 2/(26/169) + 52?
62
Suppose 0 = s - 2*c + 37, 5*c - 175 = 4*s -